{"id":19,"date":"2014-11-05T22:58:39","date_gmt":"2014-11-05T21:58:39","guid":{"rendered":"http:\/\/themedemos.webmandesign.eu\/modern\/?page_id=19"},"modified":"2019-09-12T07:06:30","modified_gmt":"2019-09-12T05:06:30","slug":"about","status":"publish","type":"page","link":"https:\/\/skarbnicasmaku.pl\/?page_id=19","title":{"rendered":"Oferta"},"content":{"rendered":"<h1>Oferta<\/h1>\n<p>Restauracja Skarbnica Smaku to idealne miejsce na:<\/p>\n<ul>\n<li>spotkania w gronie znajomych<\/li>\n<li>jubileusze<\/li>\n<li>wa\u017cne wydarzenia w \u017cyciu rodziny<\/li>\n<li>spotkania biznesowe<\/li>\n<\/ul>\n<p>Zorganizujemy dla Pa\u0144stwa wszelkie uroczysto\u015bci rodzinne. Przygotujemy specjalne menu, zapewnimy opraw\u0119 wydarzenia i zadbamy o ka\u017cdy szczeg\u00f3\u0142. Podczas spotka\u0144 biznesowych zapewnimy kameraln\u0105 atmosfer\u0119.<\/p>\n<p>Dysponujemy niezb\u0119dnym sprz\u0119tem audiowizualnym, kt\u00f3ry mo\u017cemy udost\u0119pni\u0107 na potrzeby naszych Go\u015bci.<\/p>\n<p>\t\t\t\t<a href=\"http:\/\/skarbnicasmaku.pl\/wp-content\/uploads\/2000\/05\/K73A6919.jpg\" target=\"_self\" itemprop=\"url\"><br \/>\n\t\t\t\t<img decoding=\"async\" loading=\"lazy\" src=\"http:\/\/skarbnicasmaku.pl\/wp-content\/uploads\/2000\/05\/K73A6919-1020x680.jpg\" alt=\"K73A6919\" itemprop=\"image\" height=\"680\" width=\"1020\" title=\"K73A6919\"  \/><br \/>\n\t\t\t\t<\/a><\/p>\n","protected":false},"excerpt":{"rendered":"<p class=\"entry-summary\" class=\"entry-summary\">Oferta Restauracja Skarbnica Smaku to idealne miejsce na: spotkania w gronie znajomych&hellip;<\/p>\n<div class=\"link-more\"><a href=\"https:\/\/skarbnicasmaku.pl\/?page_id=19\" class=\"more-link\">Continue reading<span class=\"screen-reader-text\"> &ldquo;Oferta&rdquo;<\/span>&hellip;<\/a><\/div>\n<div class=\"link-more\"><a href=\"https:\/\/skarbnicasmaku.pl\/?page_id=19\" class=\"more-link\">Continue reading<span class=\"screen-reader-text\"> &ldquo;Oferta&rdquo;<\/span>&hellip;<\/a><\/div>","protected":false},"author":7,"featured_media":0,"parent":0,"menu_order":5,"comment_status":"closed","ping_status":"closed","template":"page-template\/_fullwidth.php","meta":[],"acf":[],"_links":{"self":[{"href":"https:\/\/skarbnicasmaku.pl\/index.php?rest_route=\/wp\/v2\/pages\/19"}],"collection":[{"href":"https:\/\/skarbnicasmaku.pl\/index.php?rest_route=\/wp\/v2\/pages"}],"about":[{"href":"https:\/\/skarbnicasmaku.pl\/index.php?rest_route=\/wp\/v2\/types\/page"}],"author":[{"embeddable":true,"href":"https:\/\/skarbnicasmaku.pl\/index.php?rest_route=\/wp\/v2\/users\/7"}],"replies":[{"embeddable":true,"href":"https:\/\/skarbnicasmaku.pl\/index.php?rest_route=%2Fwp%2Fv2%2Fcomments&post=19"}],"version-history":[{"count":14,"href":"https:\/\/skarbnicasmaku.pl\/index.php?rest_route=\/wp\/v2\/pages\/19\/revisions"}],"predecessor-version":[{"id":1301,"href":"https:\/\/skarbnicasmaku.pl\/index.php?rest_route=\/wp\/v2\/pages\/19\/revisions\/1301"}],"wp:attachment":[{"href":"https:\/\/skarbnicasmaku.pl\/index.php?rest_route=%2Fwp%2Fv2%2Fmedia&parent=19"}],"curies":[{"name":"wp","href":"https:\/\/api.w.org\/{rel}","templated":true}]}}